{"id":43,"date":"2023-11-22T14:56:50","date_gmt":"2023-11-22T14:56:50","guid":{"rendered":"https:\/\/alfredotoxqui.com\/?page_id=43"},"modified":"2024-10-11T18:05:33","modified_gmt":"2024-10-11T18:05:33","slug":"bienvenida","status":"publish","type":"page","link":"https:\/\/alfredotoxqui.com\/inicio\/bienvenida\/","title":{"rendered":"Bienvenida"},"content":{"rendered":"\n<figure class=\"wp-block-image alignright size-large is-resized\"><img fetchpriority=\"high\" decoding=\"async\" width=\"1024\" height=\"990\" src=\"https:\/\/alfredotoxqui.com\/wp-content\/uploads\/2023\/11\/bienvenida-1024x990.png\" alt=\"\" class=\"wp-image-44\" style=\"width:599px;height:auto\" srcset=\"https:\/\/alfredotoxqui.com\/wp-content\/uploads\/2023\/11\/bienvenida-1024x990.png 1024w, https:\/\/alfredotoxqui.com\/wp-content\/uploads\/2023\/11\/bienvenida-300x290.png 300w, https:\/\/alfredotoxqui.com\/wp-content\/uploads\/2023\/11\/bienvenida-768x742.png 768w, https:\/\/alfredotoxqui.com\/wp-content\/uploads\/2023\/11\/bienvenida.png 1277w\" sizes=\"(max-width: 1024px) 100vw, 1024px\" \/><\/figure>\n\n\n\n<pre class=\"wp-block-verse\">Es para nosotros un honor recibirlos e integrarlos a esta Instituci\u00f3n la cual ser\u00e1 como su segunda casa; brindarles las herramientas cognitivas, actitudinales y procedimentales que necesitar\u00e1n el d\u00eda de ma\u00f1ana que se desempe\u00f1en como profesionales de la enfermer\u00eda.\n\nEn nuestra Unidad tendr\u00e1n la oportunidad de aprender, investigar, realizar y disfrutar de actividades culturales; aqu\u00ed buscamos prepararlos no s\u00f3lo en lo acad\u00e9mico, sino que tambi\u00e9n se les inculca una cultura basada en principios y valores encaminada a una educaci\u00f3n para toda la vida.\n\nTe invitamos a representar con dignidad cada uno de los emblemas que han caracterizado a la enfermer\u00eda; y al igual que tus maestros y las generaciones que te antecedieron, siente la satisfacci\u00f3n de ser parte del \u00a1Nuevo rostro del orgullo universitario!<\/pre>\n\n\n\n<p class=\"has-text-align-center\"><strong>Atentamente<br>Directora de la Escuela de Enfermer\u00eda<br>Dr. Alfredo Toxqui Fern\u00e1ndez de Lara<\/strong><\/p>\n\n\n\n<p class=\"has-text-align-center\"><\/p>\n\n\n\n<h2 class=\"wp-block-heading has-text-align-center\">Organigrama Institucional<\/h2>\n\n\n\n<figure class=\"wp-block-image aligncenter size-full is-resized\"><img decoding=\"async\" width=\"945\" height=\"496\" src=\"https:\/\/alfredotoxqui.com\/wp-content\/uploads\/2024\/10\/WhatsApp-Image-2024-10-11-at-11.45.03-AM.jpeg\" alt=\"\" class=\"wp-image-250\" style=\"width:946px;height:auto\" srcset=\"https:\/\/alfredotoxqui.com\/wp-content\/uploads\/2024\/10\/WhatsApp-Image-2024-10-11-at-11.45.03-AM.jpeg 945w, https:\/\/alfredotoxqui.com\/wp-content\/uploads\/2024\/10\/WhatsApp-Image-2024-10-11-at-11.45.03-AM-300x157.jpeg 300w, https:\/\/alfredotoxqui.com\/wp-content\/uploads\/2024\/10\/WhatsApp-Image-2024-10-11-at-11.45.03-AM-768x403.jpeg 768w\" sizes=\"(max-width: 945px) 100vw, 945px\" \/><\/figure>\n","protected":false},"excerpt":{"rendered":"<p>Es para nosotros un honor recibirlos e integrarlos a esta Instituci\u00f3n la cual ser\u00e1 como su segunda casa; brindarles las herramientas cognitivas, actitudinales y procedimentales que necesitar\u00e1n el d\u00eda de ma\u00f1ana que se desempe\u00f1en como profesionales de la enfermer\u00eda. En nuestra Unidad tendr\u00e1n la oportunidad de aprender, investigar, realizar y disfrutar de actividades culturales; aqu\u00ed [&hellip;]<\/p>\n","protected":false},"author":1,"featured_media":0,"parent":0,"menu_order":0,"comment_status":"closed","ping_status":"closed","template":"","meta":{"footnotes":""},"class_list":["post-43","page","type-page","status-publish","hentry"],"_links":{"self":[{"href":"https:\/\/alfredotoxqui.com\/inicio\/wp-json\/wp\/v2\/pages\/43","targetHints":{"allow":["GET"]}}],"collection":[{"href":"https:\/\/alfredotoxqui.com\/inicio\/wp-json\/wp\/v2\/pages"}],"about":[{"href":"https:\/\/alfredotoxqui.com\/inicio\/wp-json\/wp\/v2\/types\/page"}],"author":[{"embeddable":true,"href":"https:\/\/alfredotoxqui.com\/inicio\/wp-json\/wp\/v2\/users\/1"}],"replies":[{"embeddable":true,"href":"https:\/\/alfredotoxqui.com\/inicio\/wp-json\/wp\/v2\/comments?post=43"}],"version-history":[{"count":6,"href":"https:\/\/alfredotoxqui.com\/inicio\/wp-json\/wp\/v2\/pages\/43\/revisions"}],"predecessor-version":[{"id":251,"href":"https:\/\/alfredotoxqui.com\/inicio\/wp-json\/wp\/v2\/pages\/43\/revisions\/251"}],"wp:attachment":[{"href":"https:\/\/alfredotoxqui.com\/inicio\/wp-json\/wp\/v2\/media?parent=43"}],"curies":[{"name":"wp","href":"https:\/\/api.w.org\/{rel}","templated":true}]}}